*j. List the prime factors of j.
2, 491
Suppose -2*n + 27 = -3*y, -2*n + 1 = 3*y - 8. Suppose -n*t = -13*t + 80. What are the prime factors of t?
2, 5
Let o = -47 + 350. List the prime factors of o.
3, 101
Let v = -125 + 76. Let a be -1*(4 + v + 0). Suppose 3*o - 168 = -a. List the prime factors of o.
41
Let h be ((-3591)/(-12))/7*1*4. Suppose 0 = g + 2*g - h. List the prime factors of g.
3, 19
Let y(h) = 32*h + 5. Let v be y(5). Suppose i = -3*i - a + 325, 2*i + 3*a = v. Suppose -i = -5*f + 34. What are the prime factors of f?
23
Let c(r) = 5097*r**2 - 87*r - 86. What are the prime factors of c(-1)?
2, 2549
Suppose 5*p + 3 - 18 = 0. Suppose -3*t + 4*z + 18 = 0, p*t + 0*t - 33 = -z. Suppose t + 62 = 3*s. What are the prime factors of s?
2, 3
Let k be (-2710)/25 + (-2)/(-5). Let q be (-24)/k - 97/(-9). Suppose -2*h + 1 = -q. List the prime factors of h.
2, 3
Suppose 133 = 2*w + 1. Let g(i) = -2*i + 24. Let k be g(10). Suppose -198 = -k*y + w. What are the prime factors of y?
2, 3, 11
Let i be (-2)/(0 + -3 + 1). Suppose 5*f - i = -2*x + 1, -x = -5*f - 1. Suppose f = k - 3*k - 2, 2*d - 2*k - 60 = 0. List the prime factors of d.
29
Let k = 15187 - 9879. List the prime factors of k.
2, 1327
Let w(g) = 322*g + 668. List the prime factors of w(7).
2, 3, 487
Suppose 0 = 3*b + q + 2*q - 3, 0 = -2*b + 2*q + 10. Suppose 0 = -b*t - r - 2*r + 1575, 4*t - r = 2115. List the prime factors of ((-6)/8)/((-11)/t).
2, 3
Suppose -5*i + 437 = 2*f, -3*f + 3*i = -94 - 530. List the prime factors of f.
211
Let r(l) = -5*l + 15. Let j be r(3). List the prime factors of j - -124 - (-3 - -3)/(-3).
2, 31
Let k(f) = f**2 + 3*f + 4. Let c be k(-2). Suppose -4*v - 15 + 315 = 0. Suppose -5*x + v = 5*u, -3*u + 82 = -c*x + 22. What are the prime factors of u?
2, 3
Suppose -t + 2*o = -1, 9*t - 5*o - 15 = 4*t. What are the prime factors of t?
5
Let f(z) = z**2 - 12*z + 23. What are the prime factors of f(-12)?
311
Let k = 14 - 12. Suppose 142 = -k*a + 4*a. What are the prime factors of a?
71
Suppose 0 = -5*z + 4*z. Suppose z = -b + 5*b. Suppose b*q = 3*q + c - 74, -4*q + 77 = -3*c. List the prime factors of q.
23
Suppose -4*v + 634 + 1586 = 0. What are the prime factors of v?
3, 5, 37
Suppose -41*z + 789 + 1220 = 0. List the prime factors of z.
7
Let o = -1135 + 1891. What are the prime factors of o?
2, 3, 7
Let h be 3 - 3 - 332*-44. What are the prime factors of h/240 - 4/(-30)?
61
Suppose -4*y + y - 793 = 4*g, -193 = g - y. List the prime factors of -3 + ((-15)/3 - g).
2, 47
Let t be (-2)/(-8) - 11/(-4). Suppose 0 = t*y - 12. What are the prime factors of (2/y)/((-3)/(-138))?
23
Suppose 5*h + 6*v - 2*v - 1650 = 0, 0 = 4*h - 5*v - 1320. What are the prime factors of h?
2, 3, 5, 11
Let k = -272 - -296. List the prime factors of k.
2, 3
Let f = 210 - -497. What are the prime factors of f?
7, 101
Let m = 125 - 42. What are the prime factors of m?
83
Let v(s) be the first derivative of -5*s**2/2 - 6*s - 21. What are the prime factors of v(-7)?
29
Let f = 896 + -628. Suppose -3*d + m + f = 2*d, 0 = 5*d + m - 272. What are the prime factors of d?
2, 3
Let c(d) be the second derivative of 0 - 1/2*d**3 + 1/12*d**4 + 6*d**2 - d. List the prime factors of c(-5).
2, 13
Let f = -299 - -767. What are the prime factors of f?
2, 3, 13
Suppose -3*w + 5*w = -3*k + 823, 1637 = 4*w - 3*k. List the prime factors of w.
2, 5, 41
Let m = 552 + -231. What are the prime factors of m?
3, 107
Suppose -20*n + 1916 = -16*n. List the prime factors of n.
479
Suppose 3*y + 608 = 5*o, -5*o + 616 = -0*y - y. List the prime factors of o.
2, 31
Suppose 7*f - 2755 = -1068. Let c = f + -154. What are the prime factors of c?
3, 29
List the prime factors of 4/40*15 - (-135)/2.
3, 23
Let x(y) = 91*y + 336. List the prime factors of x(23).
7, 347
Suppose -4*y = -6*y + 32. Suppose -76 - y = -4*p. List the prime factors of p.
23
Let u(z) = z + 23. Let g be u(-8). List the prime factors of 2236/12 - (g/(-9) - -1).
11, 17
Suppose 3 + 1 = 4*m + 4*c, -m = 4*c + 8. Suppose -4*i + 59 = m*p + 199, 0 = 3*i - 5*p + 65. Let u = i - -39. What are the prime factors of u?
3
Suppose 0 = 1494*p - 1492*p - 1072. List the prime factors of p.
2, 67
Let m(d) = 9*d**2 - 8*d - 8. Let s be m(-1). Suppose -s*a + 123 = -1029. What are the prime factors of a?
2
Let j(t) = 725*t**2 - 6*t + 7. List the prime factors of j(1).
2, 3, 11
Let h = 5 + 4. Let d = 27 - h. What are the prime factors of 4/d - 460/(-36)?
13
What are the prime factors of 6/4 - ((-27525)/(-6))/(-5)?
919
Suppose 2*q - s = -0*q - 1438, 5*q + 5*s = -3610. List the prime factors of (13/3)/((-16)/q).
3, 5, 13
Let m(g) = -3*g - 10. Let f be m(-4). Suppose -3*w - 33 = -f*i - 8*w, -4*w + 32 = 3*i. List the prime factors of i.
2
Let a(u) = -17*u**3 + 5*u**2 - 4*u - 7. Let t(b) = -17*b**3 + 6*b**2 - 5*b - 8. Let j(d) = -6*a(d) + 5*t(d). List the prime factors of j(1).
2, 3
Let m = 11 - 9. Let v(r) = r**m + 3 + 0*r + 10*r + r - 2*r**2. List the prime factors of v(9).
3, 7
What are the prime factors of (-6)/10 + (-53206)/(-185)?
7, 41
Suppose 0 = -w + 5*k - 16, -3*w - k = -0*w + 16. Let g be w/(-57) - 262/(-38). Suppose 0 = -4*m - g + 31. What are the prime factors of m?
2, 3
Suppose 484 = 5*f + 9. Let d = f + -36. What are the prime factors of d?
59
Let g = 436 + 156. What are the prime factors of g?
2, 37
Let q(d) = d**3 + 8*d**2 + 3*d. Let v(m) = -m**2 - m. Let n(w) = q(w) + 3*v(w). Suppose r - 9 = 2*o, 0*o + 5*r - 1 = -o. What are the prime factors of n(o)?
2
Let c = 530 + -325. What are the prime factors of c?
5, 41
List the prime factors of ((-501)/(-2))/(15*8/160).
2, 167
Suppose r + 2*r - 5*a = 15, 20 = 4*r + a. Suppose -5*q = u - 4*u - 24, 5*u = -r*q. Suppose -s + 2*l - q*l = 0, 4*l + 9 = -s. List the prime factors of s.
3
Suppose 0 = -379*g + 383*g - 2976. What are the prime factors of g?
2, 3, 31
Let z = 53 - 28. Let h = z - 55. List the prime factors of 448/15 - 4/h.
2, 3, 5
List the prime factors of (4/8)/(-1) - (-534)/4.
7, 19
Let z = -55 - -71. Let l = 165 - z. List the prime factors of l.
149
Suppose 5*p + 5*c = 3*p - 31, 0 = p - c + 33. What are the prime factors of (-3912)/p + 18/63?
2, 5, 7
Suppose 0*q = -3*q + 300. Let j = -3 + q. What are the prime factors of j?
97
Let m(g) = 3*g**3 + 5*g**2 + 7*g + 1. Let s = 11 + -15. Let n(r) = 4*r**3 + 5*r**2 + 8*r + 1. Let t(p) = s*n(p) + 5*m(p). List the prime factors of t(5).
2
Let g(y) = -4*y**3 - 11*y**2 - 31*y - 6. What are the prime factors of g(-8)?
2, 13, 61
Suppose -k - 3*b = 24, 5*k - 3*k - 3*b + 3 = 0. Let o = -13 - -31. Let f = k + o. List the prime factors of f.
3
Suppose 4*j = 4*d + 12, -3*d - 4*j + 0 - 2 = 0. What are the prime factors of 81*(3 + d/1)?
3
Let j be -21*(-1)/(-2)*-2. Let u(m) = -m**2 - 25*m + 5. Let h be u(-23). Let f = h - j. List the prime factors of f.
2, 3, 5
List the prime factors of (-4360)/(-8) - -8 - -9.
2, 281
Let g = -193 + 129. List the prime factors of 4/((-196)/g + -3).
2
Let t(s) = -s**2 - 5*s - 10. Let r be t(-4). Let g = 13 - r. What are the prime factors of g?
19
Let m(z) = -z**3 - 12*z**2 - 31*z - 11. Let n be m(-9). List the prime factors of -3 + 20*5/(n/58).
229
Let o(y) = -3*y - 4. Let i be o(-3). Suppose 0*u + 565 = i*u. What are the prime factors of u?
113
Suppose 0 = z + 4*z - 15. Suppose 0*y = -q + 2*y - 30, -78 = z*q - 3*y. What are the prime factors of q/(-33) + (-26)/(-6)?
5
Suppose -2*a = -4*l - 374, -5*a = -l - 3*l - 959. Suppose -2*h - a = -503. List the prime factors of h.
2, 7, 11
Let a = 60 + -50. Let n(y) = 7*y - 5. What are the prime factors of n(a)?
5, 13
Suppose 0 = 3*s + 5*n - 6*n - 1947, 4*s - 3*n - 2596 = 0. List the prime factors of s.
11, 59
Suppose 5781 = 5*l - v, 7*l = 5*l - 3*v + 2326. List the prime factors of l.
13, 89
Suppose 17*a = 15*a + 346. List the prime factors of a.
173
What are the prime factors of (-16)/(-4) + 125736/26?
2, 5, 11
Let i = -46 + 54. Suppose -i*t = -176 - 1320. List the prime factors of t.
11, 17
Let q = -2291 + 3916. What are the prime factors of q?
5, 13
Let f(h) = h**3 - 5*h**2 - 12*h - 6. List the prime factors of f(8).
2, 3, 5
Let r(x) be the third derivative of -x**6/120 - 13*x**5/60 - x**4/24 - 2*x**3 + 7*x**2. Let n be r(-12). List the prime factors of (2/6)/((-6)/n).
2
Let w(b) = b + 6*b + b**3 + 12*b**2 + 11*b + 7. 